{"id":1280,"date":"2023-07-03T07:29:10","date_gmt":"2023-07-03T12:29:10","guid":{"rendered":"https:\/\/casaitaliagourmet.com\/catalogo\/?post_type=product&#038;p=1280"},"modified":"2023-07-03T07:29:16","modified_gmt":"2023-07-03T12:29:16","slug":"queso-italiano-100-rueda","status":"publish","type":"product","link":"https:\/\/casaitaliagourmet.com\/catalogo\/producto\/queso-italiano-100-rueda\/","title":{"rendered":"Queso Italiano 100% Rueda"},"content":{"rendered":"<p>El Queso Italiano 100% es un producto de alta calidad y tradici\u00f3n. Elaborado en Italia, se caracteriza por su sabor rico y aut\u00e9ntico, con una textura firme y cremosa. Ideal para la preparaci\u00f3n de la pasta en su interior aportando un gran espect\u00e1culo visual al cliente. Rueda de 38 kg a 42 kg.<\/p>\n<p>El peso de este producto var\u00eda, para adquirirlo comun\u00edcate con nosotros, cotizaremos el peso que deseas al precio que corresponde.<\/p>\n<p>Servicio al Cliente<br \/>\n:: Lunes a Viernes de 8:00 am a 3:00 pm.<br \/>\n:: S\u00e1bado: 8:00 am a 12:00 pm.<\/p>\n","protected":false},"excerpt":{"rendered":"<p>El Queso Italiano 100% es un producto de alta calidad y tradici\u00f3n. Elaborado en Italia, se caracteriza por su sabor rico y aut\u00e9ntico, con una textura firme y cremosa. Ideal para la preparaci\u00f3n de la pasta en su interior aportando un gran espect\u00e1culo visual al cliente. Rueda de 38 kg a 42 kg.<\/p>\n<p>El peso de este producto var\u00eda, para adquirirlo comun\u00edcate con nosotros, cotizaremos el peso que deseas al precio que corresponde.<\/p>\n<p>Servicio al Cliente<br \/>\n:: Lunes a Viernes de 8:00 am a 3:00 pm.<br \/>\n:: S\u00e1bado: 8:00 am a 12:00 pm.<\/p>\n","protected":false},"featured_media":1269,"template":"","meta":[],"product_cat":[16,19],"product_tag":[],"class_list":{"0":"post-1280","1":"product","2":"type-product","3":"status-publish","4":"has-post-thumbnail","6":"product_brand-distribuido-por-cig","7":"product_cat-productos","8":"product_cat-queso","9":"product_shipping_class-courier","11":"first","12":"instock","13":"shipping-taxable","14":"purchasable","15":"product-type-simple"},"_links":{"self":[{"href":"https:\/\/casaitaliagourmet.com\/catalogo\/wp-json\/wp\/v2\/product\/1280","targetHints":{"allow":["GET"]}}],"collection":[{"href":"https:\/\/casaitaliagourmet.com\/catalogo\/wp-json\/wp\/v2\/product"}],"about":[{"href":"https:\/\/casaitaliagourmet.com\/catalogo\/wp-json\/wp\/v2\/types\/product"}],"wp:featuredmedia":[{"embeddable":true,"href":"https:\/\/casaitaliagourmet.com\/catalogo\/wp-json\/wp\/v2\/media\/1269"}],"wp:attachment":[{"href":"https:\/\/casaitaliagourmet.com\/catalogo\/wp-json\/wp\/v2\/media?parent=1280"}],"wp:term":[{"taxonomy":"product_cat","embeddable":true,"href":"https:\/\/casaitaliagourmet.com\/catalogo\/wp-json\/wp\/v2\/product_cat?post=1280"},{"taxonomy":"product_tag","embeddable":true,"href":"https:\/\/casaitaliagourmet.com\/catalogo\/wp-json\/wp\/v2\/product_tag?post=1280"}],"curies":[{"name":"wp","href":"https:\/\/api.w.org\/{rel}","templated":true}]}}