{"id":385,"date":"2023-04-27T22:50:58","date_gmt":"2023-04-28T03:50:58","guid":{"rendered":"https:\/\/casaitaliagourmet.com\/catalogo\/?post_type=product&#038;p=385"},"modified":"2023-06-28T14:37:45","modified_gmt":"2023-06-28T19:37:45","slug":"coppa-italiana-capocollo-100-g","status":"publish","type":"product","link":"https:\/\/casaitaliagourmet.com\/catalogo\/producto\/coppa-italiana-capocollo-100-g\/","title":{"rendered":"Coppa italiana (Capocollo) 100 g"},"content":{"rendered":"<p>La Coppa italiana, tambi\u00e9n conocida como Capocollo, es un embutido italiano tradicional elaborado a partir del cuello de cerdo y tiene una presentaci\u00f3n de un kilo aproximadamente. Es reconocido por su intenso sabor y su textura tierna y marm\u00f3rea. Se condimenta con una mezcla de especias y se cura durante varias semanas para obtener su caracter\u00edstico sabor.<\/p>\n","protected":false},"excerpt":{"rendered":"<p>La Coppa italiana, tambi\u00e9n conocida como Capocollo, es un embutido italiano tradicional elaborado a partir del cuello de cerdo y tiene una presentaci\u00f3n de un kilo aproximadamente. Es reconocido por su intenso sabor y su textura tierna y marm\u00f3rea. Se condimenta con una mezcla de especias y se cura durante varias semanas para obtener su caracter\u00edstico sabor.<\/p>\n","protected":false},"featured_media":1107,"template":"","meta":[],"product_cat":[22,16],"product_tag":[],"class_list":{"0":"post-385","1":"product","2":"type-product","3":"status-publish","4":"has-post-thumbnail","6":"product_brand-distribuido-por-cig","7":"product_cat-carnicos","8":"product_cat-productos","9":"product_shipping_class-courier","11":"first","12":"instock","13":"shipping-taxable","14":"purchasable","15":"product-type-simple"},"_links":{"self":[{"href":"https:\/\/casaitaliagourmet.com\/catalogo\/wp-json\/wp\/v2\/product\/385","targetHints":{"allow":["GET"]}}],"collection":[{"href":"https:\/\/casaitaliagourmet.com\/catalogo\/wp-json\/wp\/v2\/product"}],"about":[{"href":"https:\/\/casaitaliagourmet.com\/catalogo\/wp-json\/wp\/v2\/types\/product"}],"wp:featuredmedia":[{"embeddable":true,"href":"https:\/\/casaitaliagourmet.com\/catalogo\/wp-json\/wp\/v2\/media\/1107"}],"wp:attachment":[{"href":"https:\/\/casaitaliagourmet.com\/catalogo\/wp-json\/wp\/v2\/media?parent=385"}],"wp:term":[{"taxonomy":"product_cat","embeddable":true,"href":"https:\/\/casaitaliagourmet.com\/catalogo\/wp-json\/wp\/v2\/product_cat?post=385"},{"taxonomy":"product_tag","embeddable":true,"href":"https:\/\/casaitaliagourmet.com\/catalogo\/wp-json\/wp\/v2\/product_tag?post=385"}],"curies":[{"name":"wp","href":"https:\/\/api.w.org\/{rel}","templated":true}]}}