{"id":497,"date":"2023-04-29T04:52:09","date_gmt":"2023-04-29T09:52:09","guid":{"rendered":"https:\/\/casaitaliagourmet.com\/catalogo\/?post_type=product&#038;p=497"},"modified":"2023-06-30T08:03:09","modified_gmt":"2023-06-30T13:03:09","slug":"aceitunas-verdes-de-cerignola-300-g-damico","status":"publish","type":"product","link":"https:\/\/casaitaliagourmet.com\/catalogo\/producto\/aceitunas-verdes-de-cerignola-300-g-damico\/","title":{"rendered":"Aceitunas verdes de Cerignola 300 g D&#8217;Amico"},"content":{"rendered":"<p>Aceitunas verdes de Cerignola, D&#8217;Amico, estas aceitunas mantienen un delicioso y jugoso sabor caracter\u00edstico y una textura firme, son perfectas para disfrutar solas o como acompa\u00f1amiento en ensaladas y platos mediterr\u00e1neos, envase de 300 g.<\/p>\n","protected":false},"excerpt":{"rendered":"<p>Aceitunas verdes de Cerignola, D&#8217;Amico, estas aceitunas mantienen un delicioso y jugoso sabor caracter\u00edstico y una textura firme, son perfectas para disfrutar solas o como acompa\u00f1amiento en ensaladas y platos mediterr\u00e1neos, envase de 300 g.<\/p>\n","protected":false},"featured_media":1247,"template":"","meta":[],"product_cat":[27,16],"product_tag":[],"class_list":{"0":"post-497","1":"product","2":"type-product","3":"status-publish","4":"has-post-thumbnail","6":"product_brand-distribuido-por-cig","7":"product_cat-conservas","8":"product_cat-productos","9":"product_shipping_class-courier","11":"first","12":"instock","13":"shipping-taxable","14":"purchasable","15":"product-type-simple"},"_links":{"self":[{"href":"https:\/\/casaitaliagourmet.com\/catalogo\/wp-json\/wp\/v2\/product\/497","targetHints":{"allow":["GET"]}}],"collection":[{"href":"https:\/\/casaitaliagourmet.com\/catalogo\/wp-json\/wp\/v2\/product"}],"about":[{"href":"https:\/\/casaitaliagourmet.com\/catalogo\/wp-json\/wp\/v2\/types\/product"}],"wp:featuredmedia":[{"embeddable":true,"href":"https:\/\/casaitaliagourmet.com\/catalogo\/wp-json\/wp\/v2\/media\/1247"}],"wp:attachment":[{"href":"https:\/\/casaitaliagourmet.com\/catalogo\/wp-json\/wp\/v2\/media?parent=497"}],"wp:term":[{"taxonomy":"product_cat","embeddable":true,"href":"https:\/\/casaitaliagourmet.com\/catalogo\/wp-json\/wp\/v2\/product_cat?post=497"},{"taxonomy":"product_tag","embeddable":true,"href":"https:\/\/casaitaliagourmet.com\/catalogo\/wp-json\/wp\/v2\/product_tag?post=497"}],"curies":[{"name":"wp","href":"https:\/\/api.w.org\/{rel}","templated":true}]}}