{"id":503,"date":"2023-04-29T05:05:19","date_gmt":"2023-04-29T10:05:19","guid":{"rendered":"https:\/\/casaitaliagourmet.com\/catalogo\/?post_type=product&#038;p=503"},"modified":"2023-06-28T17:43:09","modified_gmt":"2023-06-28T22:43:09","slug":"pimientos-con-atun-225-g","status":"publish","type":"product","link":"https:\/\/casaitaliagourmet.com\/catalogo\/producto\/pimientos-con-atun-225-g\/","title":{"rendered":"Pimientos con at\u00fan 225 g"},"content":{"rendered":"<p>Los Pimientos Callipo con at\u00fan contienen una deliciosa combinaci\u00f3n de at\u00fan y pimientos. El at\u00fan es de alta calidad, jugoso y con un sabor caracter\u00edstico. Los pimientos le agregan un toque de dulzura y un sabor suave. Es perfecto para preparar ensaladas, s\u00e1ndwiches o para disfrutar directamente como un snack sabroso y nutritivo.<\/p>\n","protected":false},"excerpt":{"rendered":"<p>Los Pimientos Callipo con at\u00fan contienen una deliciosa combinaci\u00f3n de at\u00fan y pimientos. El at\u00fan es de alta calidad, jugoso y con un sabor caracter\u00edstico. Los pimientos le agregan un toque de dulzura y un sabor suave. Es perfecto para preparar ensaladas, s\u00e1ndwiches o para disfrutar directamente como un snack sabroso y nutritivo.<\/p>\n","protected":false},"featured_media":1133,"template":"","meta":[],"product_cat":[28,16],"product_tag":[],"class_list":{"0":"post-503","1":"product","2":"type-product","3":"status-publish","4":"has-post-thumbnail","6":"product_brand-distribuido-por-cig","7":"product_cat-atun","8":"product_cat-productos","9":"product_shipping_class-courier","11":"first","12":"instock","13":"shipping-taxable","14":"purchasable","15":"product-type-simple"},"_links":{"self":[{"href":"https:\/\/casaitaliagourmet.com\/catalogo\/wp-json\/wp\/v2\/product\/503","targetHints":{"allow":["GET"]}}],"collection":[{"href":"https:\/\/casaitaliagourmet.com\/catalogo\/wp-json\/wp\/v2\/product"}],"about":[{"href":"https:\/\/casaitaliagourmet.com\/catalogo\/wp-json\/wp\/v2\/types\/product"}],"wp:featuredmedia":[{"embeddable":true,"href":"https:\/\/casaitaliagourmet.com\/catalogo\/wp-json\/wp\/v2\/media\/1133"}],"wp:attachment":[{"href":"https:\/\/casaitaliagourmet.com\/catalogo\/wp-json\/wp\/v2\/media?parent=503"}],"wp:term":[{"taxonomy":"product_cat","embeddable":true,"href":"https:\/\/casaitaliagourmet.com\/catalogo\/wp-json\/wp\/v2\/product_cat?post=503"},{"taxonomy":"product_tag","embeddable":true,"href":"https:\/\/casaitaliagourmet.com\/catalogo\/wp-json\/wp\/v2\/product_tag?post=503"}],"curies":[{"name":"wp","href":"https:\/\/api.w.org\/{rel}","templated":true}]}}