{"id":549,"date":"2023-04-29T06:19:01","date_gmt":"2023-04-29T11:19:01","guid":{"rendered":"https:\/\/casaitaliagourmet.com\/catalogo\/?post_type=product&#038;p=549"},"modified":"2023-06-28T10:29:18","modified_gmt":"2023-06-28T15:29:18","slug":"confitura-de-melon-y-limon-240-g","status":"publish","type":"product","link":"https:\/\/casaitaliagourmet.com\/catalogo\/producto\/confitura-de-melon-y-limon-240-g\/","title":{"rendered":"Confitura de Mel\u00f3n y Lim\u00f3n 240 g"},"content":{"rendered":"<p>Confitura de Mel\u00f3n y Lim\u00f3n (MELONE E LIMONE), envase de 240 g.<\/p>\n","protected":false},"excerpt":{"rendered":"<p>Confitura de Mel\u00f3n y Lim\u00f3n (MELONE E LIMONE), envase de 240 g.<\/p>\n","protected":false},"featured_media":1081,"template":"","meta":[],"product_cat":[30,16],"product_tag":[],"class_list":{"0":"post-549","1":"product","2":"type-product","3":"status-publish","4":"has-post-thumbnail","6":"product_brand-distribuido-por-cig","7":"product_cat-confitura","8":"product_cat-productos","9":"product_shipping_class-courier","11":"first","12":"instock","13":"shipping-taxable","14":"purchasable","15":"product-type-simple"},"_links":{"self":[{"href":"https:\/\/casaitaliagourmet.com\/catalogo\/wp-json\/wp\/v2\/product\/549","targetHints":{"allow":["GET"]}}],"collection":[{"href":"https:\/\/casaitaliagourmet.com\/catalogo\/wp-json\/wp\/v2\/product"}],"about":[{"href":"https:\/\/casaitaliagourmet.com\/catalogo\/wp-json\/wp\/v2\/types\/product"}],"wp:featuredmedia":[{"embeddable":true,"href":"https:\/\/casaitaliagourmet.com\/catalogo\/wp-json\/wp\/v2\/media\/1081"}],"wp:attachment":[{"href":"https:\/\/casaitaliagourmet.com\/catalogo\/wp-json\/wp\/v2\/media?parent=549"}],"wp:term":[{"taxonomy":"product_cat","embeddable":true,"href":"https:\/\/casaitaliagourmet.com\/catalogo\/wp-json\/wp\/v2\/product_cat?post=549"},{"taxonomy":"product_tag","embeddable":true,"href":"https:\/\/casaitaliagourmet.com\/catalogo\/wp-json\/wp\/v2\/product_tag?post=549"}],"curies":[{"name":"wp","href":"https:\/\/api.w.org\/{rel}","templated":true}]}}